Dec 03 01:10:13.789 INFO testing msp432p401r-0.1.2 against master#8940af3cea4a9a9deabcaf843b2f8cad9a83fc61 for beta-1.31-5
Dec 03 01:10:13.790 INFO running `"docker" "create" "-v" "/mnt/big/crater/work/local/target-dirs/beta-1.31-5/worker-4/master#8940af3cea4a9a9deabcaf843b2f8cad9a83fc61:/target:rw,Z" "-v" "/mnt/big/crater/work/local/test-source/worker-4/beta-1.31-5/master#8940af3cea4a9a9deabcaf843b2f8cad9a83fc61:/source:ro,Z" "-v" "/mnt/big/crater/work/local/cargo-home:/cargo-home:ro,Z" "-v" "/mnt/big/crater/work/local/rustup-home:/rustup-home:ro,Z" "-e" "USER_ID=1000" "-e" "SOURCE_DIR=/source" "-e" "USER_ID=1000" "-e" "CMD=cargo +8940af3cea4a9a9deabcaf843b2f8cad9a83fc61-alt build --frozen" "-e" "CARGO_TARGET_DIR=/target" "-e" "CARGO_INCREMENTAL=0" "-e" "RUST_BACKTRACE=full" "-e" "RUSTFLAGS=--cap-lints=warn" "-e" "CARGO_HOME=/cargo-home" "-e" "RUSTUP_HOME=/rustup-home" "-m" "1536M" "--network" "none" "crater"`
Dec 03 01:10:14.107 INFO [stdout] ee7a4ce868c51b53457cfd403fbd81616d999b17f27d76cf20894a9b0fcb5edf
Dec 03 01:10:14.110 INFO running `"docker" "start" "-a" "ee7a4ce868c51b53457cfd403fbd81616d999b17f27d76cf20894a9b0fcb5edf"`
Dec 03 01:10:15.491 INFO [stderr] usermod: no changes
Dec 03 01:10:15.623 INFO [stderr]    Compiling untagged-option v0.1.1
Dec 03 01:10:15.623 INFO [stderr]    Compiling bare-metal v0.1.3
Dec 03 01:10:15.623 INFO [stderr]    Compiling aligned v0.1.2
Dec 03 01:10:15.852 INFO [stderr] error[E0554]: #![feature] may not be used on the beta release channel
Dec 03 01:10:15.852 INFO [stderr]  --> /cargo-home/registry/src/github.com-1ecc6299db9ec823/bare-metal-0.1.3/src/lib.rs:5:35
Dec 03 01:10:15.852 INFO [stderr]   |
Dec 03 01:10:15.852 INFO [stderr] 5 | #![cfg_attr(feature = "const-fn", feature(const_fn))]
Dec 03 01:10:15.852 INFO [stderr]   |                                   ^^^^^^^^^^^^^^^^^
Dec 03 01:10:15.852 INFO [stderr] 
Dec 03 01:10:15.852 INFO [stderr] error: aborting due to previous error
Dec 03 01:10:15.852 INFO [stderr] 
Dec 03 01:10:15.852 INFO [stderr] For more information about this error, try `rustc --explain E0554`.
Dec 03 01:10:15.853 INFO [stderr] error: Could not compile `bare-metal`.
Dec 03 01:10:15.853 INFO [stderr] warning: build failed, waiting for other jobs to finish...
Dec 03 01:10:15.854 INFO [stderr] error[E0554]: #![feature] may not be used on the beta release channel
Dec 03 01:10:15.854 INFO [stderr]  --> /cargo-home/registry/src/github.com-1ecc6299db9ec823/untagged-option-0.1.1/src/lib.rs:5:1
Dec 03 01:10:15.854 INFO [stderr]   |
Dec 03 01:10:15.854 INFO [stderr] 5 | #![feature(untagged_unions, const_fn)]
Dec 03 01:10:15.854 INFO [stderr]   | ^^^^^^^^^^^^^^^^^^^^^^^^^^^^^^^^^^^^^^
Dec 03 01:10:15.854 INFO [stderr] 
Dec 03 01:10:15.854 INFO [stderr] error: aborting due to previous error
Dec 03 01:10:15.854 INFO [stderr] 
Dec 03 01:10:15.854 INFO [stderr] For more information about this error, try `rustc --explain E0554`.
Dec 03 01:10:15.854 INFO [stderr] error: Could not compile `untagged-option`.
Dec 03 01:10:15.854 INFO [stderr] warning: build failed, waiting for other jobs to finish...
Dec 03 01:10:15.872 INFO [stderr] error[E0554]: #![feature] may not be used on the beta release channel
Dec 03 01:10:15.872 INFO [stderr]   --> /cargo-home/registry/src/github.com-1ecc6299db9ec823/aligned-0.1.2/src/lib.rs:32:35
Dec 03 01:10:15.872 INFO [stderr]    |
Dec 03 01:10:15.872 INFO [stderr] 32 | #![cfg_attr(feature = "const-fn", feature(const_fn))]
Dec 03 01:10:15.872 INFO [stderr]    |                                   ^^^^^^^^^^^^^^^^^
Dec 03 01:10:15.872 INFO [stderr] 
Dec 03 01:10:15.874 INFO [stderr] error: aborting due to previous error
Dec 03 01:10:15.874 INFO [stderr] 
Dec 03 01:10:15.874 INFO [stderr] For more information about this error, try `rustc --explain E0554`.
Dec 03 01:10:15.880 INFO [stderr] error: Could not compile `aligned`.
Dec 03 01:10:15.880 INFO [stderr] 
Dec 03 01:10:15.880 INFO [stderr] To learn more, run the command again with --verbose.
Dec 03 01:10:15.882 INFO [stderr] su: No module specific data is present
Dec 03 01:10:16.931 INFO running `"docker" "inspect" "ee7a4ce868c51b53457cfd403fbd81616d999b17f27d76cf20894a9b0fcb5edf"`
Dec 03 01:10:17.237 INFO running `"docker" "rm" "-f" "ee7a4ce868c51b53457cfd403fbd81616d999b17f27d76cf20894a9b0fcb5edf"`
Dec 03 01:10:17.558 INFO [stdout] ee7a4ce868c51b53457cfd403fbd81616d999b17f27d76cf20894a9b0fcb5edf
